{"id":31,"date":"2025-02-16T19:16:24","date_gmt":"2025-02-16T18:16:24","guid":{"rendered":"https:\/\/grander-technologie.cz\/?page_id=31"},"modified":"2025-02-16T19:23:46","modified_gmt":"2025-02-16T18:23:46","slug":"vitejte-2","status":"publish","type":"page","link":"https:\/\/grander-technologie.cz\/","title":{"rendered":"V\u00edtejte"},"content":{"rendered":"\t\t<div data-elementor-type=\"wp-page\" data-elementor-id=\"31\" class=\"elementor elementor-31\">\n\t\t\t\t<div class=\"elementor-element elementor-element-3c70219d e-flex e-con-boxed e-con e-parent\" data-id=\"3c70219d\" data-element_type=\"container\">\n\t\t\t\t\t<div class=\"e-con-inner\">\n\t\t\t\t<div class=\"elementor-element elementor-element-633e6c2e elementor-widget__width-auto elementor-widget elementor-widget-text-editor\" data-id=\"633e6c2e\" data-element_type=\"widget\" data-widget_type=\"text-editor.default\">\n\t\t\t\t<div class=\"elementor-widget-container\">\n\t\t\t\t\t\t\t\t\t\n<p>Voda ve sv\u00e9 podstat\u011b je zdrojem ojedin\u011bl\u00e9 \u017eivotad\u00e1rn\u00e9 s\u00edly a energie, kterou vlivy \u017eivotn\u00edho prost\u0159ed\u00ed a p\u0159epravou v\u00a0tlakov\u00fdch vodovodech ke kone\u010dn\u00e9 spot\u0159eb\u011b z\u00a0velk\u00e9 \u010d\u00e1sti nebo \u00fapln\u011b ztr\u00e1c\u00ed. Granderova informa\u010dn\u00ed voda, kter\u00e1 realizuje p\u0159enos p\u0159\u00edrodn\u00edch informac\u00ed vy\u0161\u0161\u00edho \u0159\u00e1du, jako sv\u011btov\u011b uzn\u00e1van\u00fd rakousk\u00fd patent, m\u00e1 p\u0159i nep\u0159\u00edm\u00e9m kontaktu s\u00a0b\u011b\u017en\u011b dod\u00e1vanou vodou pr\u016ftokem jednoduch\u00fdmi a snadno montovateln\u00fdmi p\u0159\u00edstroji Granderovy technologie, schopnost pomoc\u00ed informace vn\u00e9st obnovitelnou s\u00edlu, pozitivn\u00ed energetick\u00e9 a informa\u010dn\u00ed toky, regenerovat se a pos\u00edlit svoje samo\u010dist\u00edc\u00ed vlastnosti. Voda se tak st\u00e1v\u00e1 rezistentn\u00ed v\u016f\u010di vn\u011bj\u0161\u00edm negativn\u00edm jev\u016fm.<\/p>\n\n<p>\u00daprava vody pomoc\u00ed p\u0159\u00edstroj\u016f Granderovy technologie, kter\u00e1 pracuje na principu p\u0159enosu informac\u00ed, spo\u010d\u00edv\u00e1 v\u00a0tom, \u017ee vnit\u0159n\u00ed \u010d\u00e1st za\u0159\u00edzen\u00ed \u2013 jednotek tvo\u0159\u00ed komora, p\u0159\u00edpadn\u011b n\u011bkolik komor napln\u011bn\u00fdch speci\u00e1ln\u011b programov\u011b upravenou tzv. Granderovou vysokofrekven\u010dn\u00ed informa\u010dn\u00ed vodou, av\u0161ak prot\u00e9kaj\u00edc\u00ed upravovan\u00e1 voda s\u00a0n\u00ed nep\u0159ich\u00e1z\u00ed do p\u0159\u00edm\u00e9ho styku. P\u0159i tomto nep\u0159\u00edm\u00e9m kontaktu jsou p\u0159ed\u00e1v\u00e1ny pozitivn\u00ed vibrace, kter\u00e9 m\u011bn\u00ed jej\u00ed fyzik\u00e1ln\u00ed vlastnosti a makromolekul\u00e1rn\u00ed strukturu. Takto doupraven\u00e1 voda m\u00e1 pozitivn\u00ed, relaxa\u010dn\u00ed a harmonizuj\u00edc\u00ed \u00fa\u010dinek na \u010dloveka, zv\u00ed\u0159ata, rostliny a p\u0159\u00edrodu jako celek, v\u010detn\u011b pozitivn\u00edho efektu, t.j. pos\u00edlen\u00ed imunitn\u00edho syst\u00e9mu, lep\u0161\u00ed chuti a n\u011bkdy i vzhledu \u2013 \u010dirosti vody.<\/p>\n\n<p>Nejd\u016fle\u017eit\u011bj\u0161\u00ed snahou Johanna Grandera je p\u0159edev\u0161\u00edm p\u0159ipravit pitnou vodu s\u00a0jej\u00edm p\u016fvodn\u00edm charakterem, t.j. jako pramen \u017eivota, nebo\u0165 v\u0161e \u017eiv\u00e9 vzniklo z\u00a0vody.<\/p>\n\n<p>Jednotky <strong>GRANDER TECHNOLOGIE<\/strong> do\u00fapravy vody byly posouzeny <strong>St\u00e1tn\u00edm zdravotn\u00edm \u00fastavem v\u00a0Praze<\/strong>, jako vhodn\u00e9 pro vodu <strong>pro pitn\u00fd re\u017eim<\/strong>. Za\u0159\u00edzen\u00ed nevy\u017eaduje p\u0159\u00edkon elektrick\u00e9ho proudu ani jin\u00fd vn\u011bj\u0161\u00ed zdroj energie a po instalaci nevy\u017eaduje prakticky \u017e\u00e1dnou \u00fadr\u017ebu. Jedin\u00fd materi\u00e1l, se kter\u00fdm p\u0159ich\u00e1z\u00ed prot\u00e9kaj\u00edc\u00ed voda do kontaktu, je chromniklov\u00e1 nerezov\u00e1\u00a0 ocel t\u0159\u00eddy 1.4301 = potravin\u00e1\u0159sk\u00e1 ocel. Vn\u011bj\u0161\u00ed pl\u00e1\u0161\u0165 u stabiln\u00edch za\u0159\u00edzen\u00ed je vyroben z\u00a0nerezov\u00e9 oceli t\u0159\u00eddy 1.4016. I vy m\u016f\u017eete bez jak\u00fdchkoliv provozn\u00edch n\u00e1klad\u016f pou\u017e\u00edvat tento \u017eivotad\u00e1rn\u00fd syst\u00e9m v\u00a0b\u011b\u017en\u00e9m ka\u017edodenn\u00edm \u017eivot\u011b.<\/p>\n\t\t\t\t\t\t\t\t<\/div>\n\t\t\t\t<\/div>\n\t\t\t\t\t<\/div>\n\t\t\t\t<\/div>\n\t\t\t\t<\/div>\n\t\t","protected":false},"excerpt":{"rendered":"<p>Voda ve sv\u00e9 podstat\u011b je zdrojem ojedin\u011bl\u00e9 \u017eivotad\u00e1rn\u00e9 s\u00edly a energie, kterou vlivy \u017eivotn\u00edho prost\u0159ed\u00ed a p\u0159epravou v\u00a0tlakov\u00fdch vodovodech ke kone\u010dn\u00e9 spot\u0159eb\u011b z\u00a0velk\u00e9 \u010d\u00e1sti nebo \u00fapln\u011b ztr\u00e1c\u00ed. Granderova informa\u010dn\u00ed voda, kter\u00e1 realizuje p\u0159enos p\u0159\u00edrodn\u00edch informac\u00ed vy\u0161\u0161\u00edho \u0159\u00e1du, jako sv\u011btov\u011b uzn\u00e1van\u00fd rakousk\u00fd patent, m\u00e1 p\u0159i nep\u0159\u00edm\u00e9m kontaktu s\u00a0b\u011b\u017en\u011b dod\u00e1vanou vodou pr\u016ftokem jednoduch\u00fdmi a snadno montovateln\u00fdmi p\u0159\u00edstroji&hellip;<\/p>\n","protected":false},"author":1,"featured_media":0,"parent":0,"menu_order":0,"comment_status":"closed","ping_status":"closed","template":"","meta":{"footnotes":""},"class_list":["post-31","page","type-page","status-publish","hentry"],"_links":{"self":[{"href":"https:\/\/grander-technologie.cz\/index.php?rest_route=\/wp\/v2\/pages\/31","targetHints":{"allow":["GET"]}}],"collection":[{"href":"https:\/\/grander-technologie.cz\/index.php?rest_route=\/wp\/v2\/pages"}],"about":[{"href":"https:\/\/grander-technologie.cz\/index.php?rest_route=\/wp\/v2\/types\/page"}],"author":[{"embeddable":true,"href":"https:\/\/grander-technologie.cz\/index.php?rest_route=\/wp\/v2\/users\/1"}],"replies":[{"embeddable":true,"href":"https:\/\/grander-technologie.cz\/index.php?rest_route=%2Fwp%2Fv2%2Fcomments&post=31"}],"version-history":[{"count":4,"href":"https:\/\/grander-technologie.cz\/index.php?rest_route=\/wp\/v2\/pages\/31\/revisions"}],"predecessor-version":[{"id":39,"href":"https:\/\/grander-technologie.cz\/index.php?rest_route=\/wp\/v2\/pages\/31\/revisions\/39"}],"wp:attachment":[{"href":"https:\/\/grander-technologie.cz\/index.php?rest_route=%2Fwp%2Fv2%2Fmedia&parent=31"}],"curies":[{"name":"wp","href":"https:\/\/api.w.org\/{rel}","templated":true}]}}